2
What is the highest common divisor of 30 and 600046710?
30
Calculate the highest common factor of 267126972 and 28.
28
What is the highest common factor of 440652 and 2748?
12
Calculate the highest common factor of 3108928632 and 5352.
5352
What is the greatest common factor of 138039342 and 31?
31
Calculate the greatest common factor of 1138949 and 358071.
2023
What is the greatest common divisor of 36154744 and 3859?
227
What is the highest common divisor of 2384762 and 1784?
446
Calculate the highest common divisor of 24058601 and 91.
7
Calculate the highest common divisor of 18 and 4585146.
6
What is the highest common factor of 41450241 and 21?
21
Calculate the highest common factor of 5965754 and 34722.
1286
What is the greatest common factor of 27933983 and 14168?
1771
What is the highest common divisor of 516670810 and 445?
445
What is the highest common factor of 45728004 and 111?
111
Calculate the highest common divisor of 33389531 and 49.
49
Calculate the highest common divisor of 35563 and 62381.
583
Calculate the highest common factor of 741141227 and 19.
19
What is the greatest common divisor of 63182 and 230?
2
What is the highest common divisor of 5830710 and 107155?
3695
Calculate the greatest common divisor of 1100 and 707663.
11
What is the greatest common factor of 46909 and 4453?
61
Calculate the greatest common factor of 4065 and 14179533.
813
What is the highest common factor of 9343 and 779607949?
9343
Calculate the greatest common factor of 6636 and 755900124.
6636
What is the greatest common divisor of 2828 and 1026487?
7
Calculate the highest common factor of 5 and 412693220.
5
Calculate the greatest common divisor of 2360 and 101328.
8
Calculate the greatest common divisor of 1550 and 87082350.
50
What is the highest common divisor of 17706 and 280799?
227
What is the highest common factor of 2912155 and 90115?
335
Calculate the greatest common divisor of 159702 and 25241.
43
What is the greatest common divisor of 129 and 1459329?
3
What is the highest common factor of 3005371 and 669?
223
What is the highest common factor of 9819180 and 14?
14
Calculate the highest common factor of 2938131 and 7.
7
What is the highest common divisor of 216788 and 91?
13
Calculate the highest common divisor of 215977 and 1519.
31
What is the highest common factor of 7744 and 15987796?
44
What is the highest common divisor of 26 and 776386?
26
Calculate the highest common factor of 9758983 and 26.
13
Calculate the highest common divisor of 26271 and 1280664.
189
What is the greatest common factor of 2703505 and 1330?
35
Calculate the highest common factor of 1808602 and 45168.
1882
Calculate the greatest common divisor of 2121 and 5377947.
303
Calculate the greatest common divisor of 476 and 714668372.
68
Calculate the highest common divisor of 79764 and 8479617.
1173
What is the highest common divisor of 112955712 and 24?
24
Calculate the greatest common factor of 546357 and 483.
21
What is the highest common factor of 1523 and 1858060?
1523
What is the greatest common factor of 6365278 and 19142?
1126
Calculate the highest common divisor of 518565 and 94301.
181
Calculate the highest common divisor of 1522827 and 351.
27
Calculate the highest common factor of 111870 and 646812.
2034
Calculate the greatest common divisor of 118926468 and 276.
276
Calculate the greatest common factor of 10602 and 489312.
18
What is the greatest common divisor of 30540 and 17287167?
1527
Calculate the greatest common divisor of 35405170 and 95.
95
What is the highest common divisor of 293843 and 17?
1
What is the highest common factor of 819476 and 280756?
1036
Calculate the greatest common divisor of 2732364 and 610884.
2556
What is the greatest common divisor of 277161346 and 77?
77
Calculate the highest common divisor of 45406109 and 329.
7
Calculate the highest common divisor of 27975 and 548683.
373
What is the highest common divisor of 41447376 and 48?
48
What is the greatest common divisor of 917558 and 221?
17
Calculate the highest common divisor of 42349218 and 1158.
1158
Calculate the highest common divisor of 314 and 80773046.
314
What is the greatest common divisor of 2945096 and 98?
98
What is the highest common divisor of 67635199 and 123?
41
What is the highest common divisor of 182 and 51531298?
182
Calculate the highest common factor of 460782387 and 26.
13
What is the highest common divisor of 244 and 26648277?
61
Calculate the highest common factor of 2300 and 472710950.
1150
Calculate the greatest common factor of 182671 and 67338.
29
What is the greatest common divisor of 6811 and 50546377?
973
Calculate the highest common factor of 412 and 422413712.
412
What is the highest common factor of 2 and 653737?
1
Calculate the greatest common divisor of 254 and 13868654.
254
What is the greatest common divisor of 28764 and 37020396?
564
Calculate the greatest common divisor of 113381607 and 133.
19
What is the greatest common factor of 916294734 and 54?
54
What is the highest common divisor of 1324375546 and 2386?
2386
What is the greatest common factor of 2121 and 3219888?
21
What is the highest common divisor of 49536 and 1100160?
1152
What is the highest common factor of 1034825 and 370205?
2915
Calculate the greatest common divisor of 88 and 9555502.
22
What is the highest common factor of 5119616 and 11914?
1702
What is the greatest common factor of 818268 and 5412?
132
What is the greatest common factor of 5 and 7814695?
5
Calculate the highest common factor of 7060224 and 321438.
1902
What is the highest common factor of 12869 and 26239891?
12869
Calculate the highest common factor of 48626 and 394.
2
Calculate the greatest common divisor of 6401129 and 8687.
119
Calculate the highest common divisor of 3261 and 55036984.
1087
Calculate the highest common divisor of 1288 and 544594.
46
Calculate the greatest common divisor of 1882748257 and 13.
13
Calculate the highest common factor of 303 and 18525319.
101
What is the highest common divisor of 64 and 122364800?
64
Calculate the highest common factor of 7012 and 526797536.
7012
Calculate the greatest common factor of 3930950 and 5800.
1450
Calculate the highest common divisor of 8164655 and 115.
115
Calculate the greatest common divisor of 1408253 and 319.
11
Calculate the highest common factor of 6553579 and 7542.
419
Calculate the greatest common factor of 63125 and 12240625.
625
Calculate the highest common divisor of 54 and 900222858.
18
Calculate the greatest common divisor of 3159 and 1787022.
243
Calculate the highest common divisor of 2293262 and 66386.
38
Calculate the greatest common divisor of 27074786 and 412.
206
Calculate the greatest common factor of 1279782586 and 29.
29
Calculate the greatest common factor of 33409509 and 1778.
889
Calculate the highest common factor of 188727 and 6930.
231
What is the highest common factor of 399199 and 108696?
647
What is the greatest common factor of 73291930 and 425?
85
What is the highest common factor of 514600 and 87575?
775
What is the greatest common divisor of 114 and 48057066?
6
What is the highest common divisor of 36090 and 855120?
30
Calculate the greatest common divisor of 81 and 7338789.
27
What is the highest common factor of 7735199 and 1334?
667
Calculate the highest common factor of 16 and 10718968.
8
What is the highest common factor of 1451 and 50914139?
1451
What is the greatest common divisor of 6147368 and 2503?
2503
Calculate the highest common divisor of 2483 and 1167127.
13
What is the highest common factor of 1032750 and 180?
90
What is the highest common factor of 430623744 and 4?
4
Calculate the highest common divisor of 437070997 and 28556.
7139
Calculate the greatest common factor of 1023 and 10245345.
1023
What is the greatest common factor of 271420 and 26240?
820
What is the greatest common divisor of 23987385 and 180?
45
What is the highest common factor of 131970 and 210156?
498
What is the highest common factor of 1128 and 315060?
12
Calculate the greatest common factor of 7 and 1263285408.
7
What is the greatest common divisor of 62507620 and 112?
28
What is the highest common divisor of 14448210 and 10914?
642
What is the highest common factor of 151623 and 833431?
991
What is the hi